{"id":10,"date":"2011-02-17T17:01:28","date_gmt":"2011-02-17T17:01:28","guid":{"rendered":"http:\/\/www.maritimtkompani.no\/"},"modified":"2019-12-12T13:10:44","modified_gmt":"2019-12-12T13:10:44","slug":"arkitektur","status":"publish","type":"page","link":"http:\/\/www.maritimtkompani.no\/wordpress\/arkitektur\/","title":{"rendered":"ARC membran- wiredesign"},"content":{"rendered":"<table style=\"width: 619px; height: 915px;\" border=\"0\" align=\"left\">\n<tbody>\n<tr class=\"alignleft\" align=\"left\" valign=\"top\">\n<td colspan=\"2\" align=\"left\" valign=\"top\">\n<p>Membrandesign og wirekonstruksjoner til bygg og anlegg<\/p>\n<p><div id=\"attachment_2320\" style=\"width: 660px\" class=\"wp-caption alignleft\"><a href=\"http:\/\/www.maritimtkompani.no\/wordpress\/wp-content\/uploads\/2016\/01\/IMG_2030-e1453156092431.jpg\" rel=\"attachment wp-att-2320\"><img aria-describedby=\"caption-attachment-2320\" loading=\"lazy\" class=\"wp-image-2320\" src=\"http:\/\/www.maritimtkompani.no\/wordpress\/wp-content\/uploads\/2016\/01\/IMG_2030-e1453156092431.jpg\" alt=\"IMG_2030\" width=\"650\" height=\"236\" srcset=\"http:\/\/www.maritimtkompani.no\/wordpress\/wp-content\/uploads\/2016\/01\/IMG_2030-e1453156092431.jpg 3190w, http:\/\/www.maritimtkompani.no\/wordpress\/wp-content\/uploads\/2016\/01\/IMG_2030-e1453156092431-300x109.jpg 300w, http:\/\/www.maritimtkompani.no\/wordpress\/wp-content\/uploads\/2016\/01\/IMG_2030-e1453156092431-768x279.jpg 768w, http:\/\/www.maritimtkompani.no\/wordpress\/wp-content\/uploads\/2016\/01\/IMG_2030-e1453156092431-1024x372.jpg 1024w\" sizes=\"(max-width: 650px) 100vw, 650px\" \/><\/a><p id=\"caption-attachment-2320\" class=\"wp-caption-text\">Membranseil City Lade<\/p><\/div><\/td>\n<\/tr>\n<tr>\n<td align=\"left\" valign=\"top\">\n<p>Vi har de siste 8 \u00e5rene jobbet mye med \u00e5 flytte v\u00e5r kompetanse og n\u00e6ring fra vann til land. Fra seilmakeriet skaper vi spennende l\u00f8sninger med seilduk og moderne kompositter. Ved bruk av wire, terminering (valsepressing) kan vi sertifisere en god innfesting som t\u00e5ler Norske utfordrende forhold.<\/p>\n<p>Tak, vegger, himling, solseil\/markise, rekkverk\/avskjerming, greenwalls, sikring eller bare for \u00e5 skille seg ut med designmessig unik utsmykning.<\/p>\n<p>Maritimt Kompani med crew av designere, seilmaker og rigger tar jobben fra id\u00e8, gjennom prosjektering og til ferdig realisert og montert konstruksjon.<\/p>\n<p>Ta kontakt med oss pr mail john@maritimtkompani.no \/971 29 500<\/p>\n<p>Eller bes\u00f8k v\u00e5re kontorer i seilmakeriet p\u00e5 Grilstad marina.<\/p>\n<p>Adresse; Strindfjordveien 40 7053 Ranheim<\/td>\n<td><\/td>\n<\/tr>\n<tr>\n<td align=\"left\" valign=\"top\">\n<p><a href=\"http:\/\/www.maritimtkompani.no\/wordpress\/wp-content\/uploads\/2011\/02\/solseil.jpg\" rel=\"attachment wp-att-758\"><img loading=\"lazy\" class=\"alignleft size-full wp-image-758\" src=\"http:\/\/www.maritimtkompani.no\/wordpress\/wp-content\/uploads\/2011\/02\/solseil.jpg\" alt=\"solseil\" width=\"650\" height=\"150\" srcset=\"http:\/\/www.maritimtkompani.no\/wordpress\/wp-content\/uploads\/2011\/02\/solseil.jpg 650w, http:\/\/www.maritimtkompani.no\/wordpress\/wp-content\/uploads\/2011\/02\/solseil-300x69.jpg 300w\" sizes=\"(max-width: 650px) 100vw, 650px\" \/><\/a><\/p>\n<p>Solseil og Skjerming<\/td>\n<td align=\"left\" valign=\"top\"><\/td>\n<\/tr>\n<tr>\n<td align=\"left\" valign=\"top\">\n<p><a href=\"http:\/\/www.maritimtkompani.no\/wordpress\/wp-content\/uploads\/2011\/10\/rekkverk_650X180.jpg\" rel=\"attachment wp-att-770\"><img loading=\"lazy\" class=\"alignleft size-full wp-image-770\" src=\"http:\/\/www.maritimtkompani.no\/wordpress\/wp-content\/uploads\/2011\/10\/rekkverk_650X180.jpg\" alt=\"rekkverk_650X180\" width=\"650\" height=\"180\" srcset=\"http:\/\/www.maritimtkompani.no\/wordpress\/wp-content\/uploads\/2011\/10\/rekkverk_650X180.jpg 650w, http:\/\/www.maritimtkompani.no\/wordpress\/wp-content\/uploads\/2011\/10\/rekkverk_650X180-300x83.jpg 300w\" sizes=\"(max-width: 650px) 100vw, 650px\" \/><\/a><\/p>\n<p>Wiredesign og sikring<\/td>\n<td><\/td>\n<\/tr>\n<\/tbody>\n<\/table>\n<p><img src=\"file:\/\/\/C:\/Users\/maritimtkompani%20stas\/Desktop\/Site\/Leverand%C3%B8rer\/Harken\/harken-logo-250x120.gif\" alt=\"\" \/><\/p>\n","protected":false},"excerpt":{"rendered":"<p>Membrandesign og wirekonstruksjoner til bygg og anlegg Vi har de siste 8 \u00e5rene jobbet mye med \u00e5 flytte v\u00e5r kompetanse og n\u00e6ring fra vann til land. Fra seilmakeriet skaper vi spennende l\u00f8sninger med seilduk og moderne kompositter. Ved bruk av wire, terminering (valsepressing) kan vi sertifisere en god innfesting som t\u00e5ler Norske utfordrende forhold. Tak, vegger, himling, solseil\/markise, rekkverk\/avskjerming, greenwalls, sikring eller bare for \u00e5 skille seg ut med designmessig unik utsmykning. Maritimt Kompani med crew av designere, seilmaker og rigger tar jobben fra id\u00e8, gjennom prosjektering og til ferdig realisert og montert konstruksjon. Ta kontakt med oss pr mail&#8230; <\/p>\n","protected":false},"author":2,"featured_media":0,"parent":0,"menu_order":3,"comment_status":"closed","ping_status":"closed","template":"page-category.php","meta":{"_monsterinsights_skip_tracking":false,"_monsterinsights_sitenote_active":false,"_monsterinsights_sitenote_note":"","_monsterinsights_sitenote_category":0},"_links":{"self":[{"href":"http:\/\/www.maritimtkompani.no\/wordpress\/wp-json\/wp\/v2\/pages\/10"}],"collection":[{"href":"http:\/\/www.maritimtkompani.no\/wordpress\/wp-json\/wp\/v2\/pages"}],"about":[{"href":"http:\/\/www.maritimtkompani.no\/wordpress\/wp-json\/wp\/v2\/types\/page"}],"author":[{"embeddable":true,"href":"http:\/\/www.maritimtkompani.no\/wordpress\/wp-json\/wp\/v2\/users\/2"}],"replies":[{"embeddable":true,"href":"http:\/\/www.maritimtkompani.no\/wordpress\/wp-json\/wp\/v2\/comments?post=10"}],"version-history":[{"count":25,"href":"http:\/\/www.maritimtkompani.no\/wordpress\/wp-json\/wp\/v2\/pages\/10\/revisions"}],"predecessor-version":[{"id":3004,"href":"http:\/\/www.maritimtkompani.no\/wordpress\/wp-json\/wp\/v2\/pages\/10\/revisions\/3004"}],"wp:attachment":[{"href":"http:\/\/www.maritimtkompani.no\/wordpress\/wp-json\/wp\/v2\/media?parent=10"}],"curies":[{"name":"wp","href":"https:\/\/api.w.org\/{rel}","templated":true}]}}