{"id":1858,"date":"2013-03-07T09:06:41","date_gmt":"2013-03-07T09:06:41","guid":{"rendered":"http:\/\/www.maritimtkompani.no\/wordpress\/?page_id=1858"},"modified":"2023-09-05T07:40:23","modified_gmt":"2023-09-05T07:40:23","slug":"tilbehor","status":"publish","type":"page","link":"http:\/\/www.maritimtkompani.no\/wordpress\/ullman-sails\/tilbehor\/","title":{"rendered":"Tilbeh\u00f8r"},"content":{"rendered":"<h5>Sol, saltvann og annen forurensning kan \u00f8delegge seilene og utstyret ditt ombord.<\/h5>\n<p>Derfor er det viktig at du har muligheten til \u00e5 dekke dette til ta kontakt med oss for \u00e5 f\u00e5 beskyttet din b\u00e5t. Slik at det utsyret du har invisert i holder seg s\u00e5 lenge som mulig. Detts sys\u00a0 i Markilux en\u00a0 h\u00f8ykvalitet b\u00e5tkalesjeduk av DRALON eller i Sunbrella\u00a0 begge er h\u00f8ykvalitets coated kalesjeduk av akryl fiber. Ta <a href=\"http:\/\/www.maritimtkompani.no\/wordpress\/ullman-sails\/fa-tilbud\/\">kontakt<\/a> med oss for en pris p\u00e5 nytt eller reperasjoner av dine trekk.<\/p>\n<p>&nbsp;<\/p>\n<table style=\"width: 100%; border-collapse: collapse;\" border=\"0\">\n<tbody>\n<tr style=\"height: 128px;\">\n<td style=\"width: 69.9947%; height: 128px; text-align: left; vertical-align: top;\">\n<p>Bompressening \/ storseiltrekk.Disse sys i to modeller.<\/p>\n<p>En h\u00f8y variant som g\u00e5r rundt mast og opp, dette er alternativet n\u00e5r du har sleider i storseilet. (High Neck Boom Cover)<\/p>\n<p>Den andre er et lavt\/flatt bomtrekk for seil uten sleider (Horse Blanket Boom Cover)<\/p>\n<ul>\n<li>Priser p\u00e5 &laquo;High Neck Boom Cover&raquo; 1 8750,- pr. meter<\/li>\n<li>Priser p\u00e5 &laquo;Horse Blanket Boom Cover&raquo; 999,-\u00a0 pr meter.<\/li>\n<\/ul>\n<\/td>\n<td style=\"width: 40.0053%; height: 128px; text-align: right; vertical-align: top;\"><img loading=\"lazy\" class=\"alignright wp-image-4523\" src=\"http:\/\/www.maritimtkompani.no\/wordpress\/wp-content\/uploads\/2022\/01\/Lazybag_Ustack_Trekk_over_storseil.jpg\" alt=\"\" width=\"300\" height=\"225\" \/><\/td>\n<\/tr>\n<tr style=\"height: 68px;\">\n<td style=\"width: 69.9947%; height: 68px; text-align: left; vertical-align: top;\">\n<p>LazyJack &#8211; U stack<\/p>\n<p>Med Lazyjack er det lett \u00e5 pakke storseilet vekk, gunstig n\u00e5r du er alene eller bommen er h\u00f8y. Det sys inn slisser til rev og netting som forsikter at seilet kan dampe ut un\u00f8dvendig fukt. Den kommer med spile langs bommen og liner opp til salingen som guider seilet b\u00e5de ned og opp.<\/p>\n<ul>\n<li>Pris p\u00e5 Lazy jack med alle detaljer er 2 550,- pr meter.<\/li>\n<\/ul>\n<\/td>\n<td style=\"width: 40.0053%; height: 68px; text-align: right; vertical-align: top;\"><img loading=\"lazy\" class=\"alignright size-medium wp-image-4527\" src=\"http:\/\/www.maritimtkompani.no\/wordpress\/wp-content\/uploads\/2022\/01\/U-Stack_Lazybag-300x177.png\" alt=\"\" width=\"300\" height=\"177\" srcset=\"http:\/\/www.maritimtkompani.no\/wordpress\/wp-content\/uploads\/2022\/01\/U-Stack_Lazybag-300x177.png 300w, http:\/\/www.maritimtkompani.no\/wordpress\/wp-content\/uploads\/2022\/01\/U-Stack_Lazybag.png 712w\" sizes=\"(max-width: 300px) 100vw, 300px\" \/><\/td>\n<\/tr>\n<tr style=\"height: 224px;\">\n<td style=\"width: 69.9947%; height: 224px; text-align: left; vertical-align: top;\">\n<p>Forstagstrekk<\/p>\n<p>Den beste beskyttelsen for ditt forseil som er opprullet er et forstagstrekk. Det bestytter mot solens Uv str\u00e5ler og forhindrer at seilet kan rulle seg ut og blafter istykker.<\/p>\n<p>Trekket sys med glidel\u00e5s hele lengden, det erenkelt \u00e5 heose opp og ned, samt det kan monteres innstramming som minsker flaggring og at trekket ikke sliter p\u00e5 seilet som er innrullet.<\/p>\n<ul>\n<li>Forstagstrekk priser er 850,- pr meter<\/li>\n<\/ul>\n<\/td>\n<td style=\"width: 40.0053%; height: 224px; text-align: right; vertical-align: top;\"><img loading=\"lazy\" class=\"alignright size-medium wp-image-4529\" src=\"http:\/\/www.maritimtkompani.no\/wordpress\/wp-content\/uploads\/2022\/01\/Genoa-sleve_Forstagstrekk-300x200.jpg\" alt=\"\" width=\"300\" height=\"200\" srcset=\"http:\/\/www.maritimtkompani.no\/wordpress\/wp-content\/uploads\/2022\/01\/Genoa-sleve_Forstagstrekk-300x200.jpg 300w, http:\/\/www.maritimtkompani.no\/wordpress\/wp-content\/uploads\/2022\/01\/Genoa-sleve_Forstagstrekk.jpg 450w\" sizes=\"(max-width: 300px) 100vw, 300px\" \/><\/td>\n<\/tr>\n<tr style=\"height: 280px;\">\n<td style=\"width: 69.9947%; height: 280px; text-align: left; vertical-align: top;\">\n<p>Atn Tacker og spinnkerstr\u00f8mpe.<\/p>\n<p>Dette er noen rimeliger innretninger for \u00e5 gj\u00f8re seilturen lettere.<\/p>\n<p>Spinnakerst\u00f8mpen har eksistert lenge og ikke uten grunn. Denne forenkler setting og nedtak ag spinnaker eller gennakeren din.<\/p>\n<p>ATN tracker kan elimenere et baugspyd eller spinnakerbom.<\/p>\n<ul>\n<li>Priser p\u00e5 Spinnaker str\u00f8mpe 750,- pr meter.<br \/>\nPriser p\u00e5 Atn Tracker 2200,- pr stk.<\/li>\n<\/ul>\n<p>Video av<a href=\"https:\/\/www.youtube.com\/watch?v=Zt_G0uVc5iY\"> AtnTracker\u00a0 og spinnaker str\u00f8mpe<\/a><\/td>\n<td style=\"width: 40.0053%; height: 280px; text-align: right; vertical-align: top;\"><img loading=\"lazy\" class=\"alignright wp-image-4530\" src=\"http:\/\/www.maritimtkompani.no\/wordpress\/wp-content\/uploads\/2022\/01\/spinnakerstrompe_Ullman_sails-240x300.jpg\" alt=\"\" width=\"301\" height=\"376\" srcset=\"http:\/\/www.maritimtkompani.no\/wordpress\/wp-content\/uploads\/2022\/01\/spinnakerstrompe_Ullman_sails-240x300.jpg 240w, http:\/\/www.maritimtkompani.no\/wordpress\/wp-content\/uploads\/2022\/01\/spinnakerstrompe_Ullman_sails-819x1024.jpg 819w, http:\/\/www.maritimtkompani.no\/wordpress\/wp-content\/uploads\/2022\/01\/spinnakerstrompe_Ullman_sails-768x960.jpg 768w, http:\/\/www.maritimtkompani.no\/wordpress\/wp-content\/uploads\/2022\/01\/spinnakerstrompe_Ullman_sails-1229x1536.jpg 1229w, http:\/\/www.maritimtkompani.no\/wordpress\/wp-content\/uploads\/2022\/01\/spinnakerstrompe_Ullman_sails.jpg 1440w\" sizes=\"(max-width: 301px) 100vw, 301px\" \/><img loading=\"lazy\" class=\"alignright size-full wp-image-4531\" src=\"http:\/\/www.maritimtkompani.no\/wordpress\/wp-content\/uploads\/2022\/01\/ATN-Tracker.jpg\" alt=\"\" width=\"300\" height=\"283\" \/><\/td>\n<\/tr>\n<tr style=\"height: 24px;\">\n<td style=\"width: 69.9947%; height: 24px; text-align: left; vertical-align: top;\">Alle priser er estimerte og kan variere i forhold til material, frakt og valutaendringer.<\/td>\n<td style=\"width: 40.0053%; height: 24px; text-align: right; vertical-align: top;\"><\/td>\n<\/tr>\n<\/tbody>\n<\/table>\n<p>&nbsp;<\/p>\n<p><!--more--><\/p>\n<h5>Send oss en foresp\u00f8rsel om l\u00f8sninger til din b\u00e5t.<\/h5>\n<div class=\"wpforms-container wpforms-container-full\" id=\"wpforms-4319\"><form id=\"wpforms-form-4319\" class=\"wpforms-validate wpforms-form\" data-formid=\"4319\" method=\"post\" enctype=\"multipart\/form-data\" action=\"\/wordpress\/wp-json\/wp\/v2\/pages\/1858\" data-token=\"43e012ffe01452ea5fcc3be41e38f83c\"><noscript class=\"wpforms-error-noscript\">Please enable JavaScript in your browser to complete this form.<\/noscript><div class=\"wpforms-field-container\"><div id=\"wpforms-4319-field_0-container\" class=\"wpforms-field wpforms-field-name\" data-field-id=\"0\"><label class=\"wpforms-field-label\" for=\"wpforms-4319-field_0\">Name <span class=\"wpforms-required-label\">*<\/span><\/label><div class=\"wpforms-field-row wpforms-field-medium\"><div class=\"wpforms-field-row-block wpforms-first wpforms-one-half\"><input type=\"text\" id=\"wpforms-4319-field_0\" class=\"wpforms-field-name-first wpforms-field-required\" name=\"wpforms[fields][0][first]\" required><label for=\"wpforms-4319-field_0\" class=\"wpforms-field-sublabel after \">First<\/label><\/div><div class=\"wpforms-field-row-block wpforms-one-half\"><input type=\"text\" id=\"wpforms-4319-field_0-last\" class=\"wpforms-field-name-last wpforms-field-required\" name=\"wpforms[fields][0][last]\" required><label for=\"wpforms-4319-field_0-last\" class=\"wpforms-field-sublabel after \">Last<\/label><\/div><\/div><\/div><div id=\"wpforms-4319-field_1-container\" class=\"wpforms-field wpforms-field-email\" data-field-id=\"1\"><label class=\"wpforms-field-label\" for=\"wpforms-4319-field_1\">Email <span class=\"wpforms-required-label\">*<\/span><\/label><input type=\"email\" id=\"wpforms-4319-field_1\" class=\"wpforms-field-medium wpforms-field-required\" name=\"wpforms[fields][1]\" required><\/div><div id=\"wpforms-4319-field_2-container\" class=\"wpforms-field wpforms-field-textarea\" data-field-id=\"2\"><label class=\"wpforms-field-label\" for=\"wpforms-4319-field_2\">Comment or Message <span class=\"wpforms-required-label\">*<\/span><\/label><textarea id=\"wpforms-4319-field_2\" class=\"wpforms-field-medium wpforms-field-required\" name=\"wpforms[fields][2]\" required><\/textarea><\/div><\/div><div class=\"wpforms-submit-container\" ><input type=\"hidden\" name=\"wpforms[id]\" value=\"4319\"><input type=\"hidden\" name=\"wpforms[author]\" value=\"2\"><button type=\"submit\" name=\"wpforms[submit]\" class=\"wpforms-submit \" id=\"wpforms-submit-4319\" value=\"wpforms-submit\" aria-live=\"assertive\" data-alt-text=\"Sending...\" data-submit-text=\"Submit\">Submit<\/button><\/div><\/form><\/div>  <!-- .wpforms-container -->\n","protected":false},"excerpt":{"rendered":"<p>Sol, saltvann og annen forurensning kan \u00f8delegge seilene og utstyret ditt ombord. Derfor er det viktig at du har muligheten til \u00e5 dekke dette til ta kontakt med oss for \u00e5 f\u00e5 beskyttet din b\u00e5t. Slik at det utsyret du har invisert i holder seg s\u00e5 lenge som mulig. Detts sys\u00a0 i Markilux en\u00a0 h\u00f8ykvalitet b\u00e5tkalesjeduk av DRALON eller i Sunbrella\u00a0 begge er h\u00f8ykvalitets coated kalesjeduk av akryl fiber. Ta kontakt med oss for en pris p\u00e5 nytt eller reperasjoner av dine trekk. &nbsp; Bompressening \/ storseiltrekk.Disse sys i to modeller. En h\u00f8y variant som g\u00e5r rundt mast og opp,&#8230; <\/p>\n","protected":false},"author":2,"featured_media":4513,"parent":4,"menu_order":0,"comment_status":"closed","ping_status":"closed","template":"page-templates\/template-full-width.php","meta":{"_monsterinsights_skip_tracking":false,"_monsterinsights_sitenote_active":false,"_monsterinsights_sitenote_note":"","_monsterinsights_sitenote_category":0},"_links":{"self":[{"href":"http:\/\/www.maritimtkompani.no\/wordpress\/wp-json\/wp\/v2\/pages\/1858"}],"collection":[{"href":"http:\/\/www.maritimtkompani.no\/wordpress\/wp-json\/wp\/v2\/pages"}],"about":[{"href":"http:\/\/www.maritimtkompani.no\/wordpress\/wp-json\/wp\/v2\/types\/page"}],"author":[{"embeddable":true,"href":"http:\/\/www.maritimtkompani.no\/wordpress\/wp-json\/wp\/v2\/users\/2"}],"replies":[{"embeddable":true,"href":"http:\/\/www.maritimtkompani.no\/wordpress\/wp-json\/wp\/v2\/comments?post=1858"}],"version-history":[{"count":36,"href":"http:\/\/www.maritimtkompani.no\/wordpress\/wp-json\/wp\/v2\/pages\/1858\/revisions"}],"predecessor-version":[{"id":4581,"href":"http:\/\/www.maritimtkompani.no\/wordpress\/wp-json\/wp\/v2\/pages\/1858\/revisions\/4581"}],"up":[{"embeddable":true,"href":"http:\/\/www.maritimtkompani.no\/wordpress\/wp-json\/wp\/v2\/pages\/4"}],"wp:featuredmedia":[{"embeddable":true,"href":"http:\/\/www.maritimtkompani.no\/wordpress\/wp-json\/wp\/v2\/media\/4513"}],"wp:attachment":[{"href":"http:\/\/www.maritimtkompani.no\/wordpress\/wp-json\/wp\/v2\/media?parent=1858"}],"curies":[{"name":"wp","href":"https:\/\/api.w.org\/{rel}","templated":true}]}}