{"id":57,"date":"2011-02-21T14:56:41","date_gmt":"2011-02-21T14:56:41","guid":{"rendered":"http:\/\/www.maritimtkompani.no\/"},"modified":"2022-01-19T10:41:48","modified_gmt":"2022-01-19T10:41:48","slug":"om-oss","status":"publish","type":"page","link":"http:\/\/www.maritimtkompani.no\/wordpress\/om-oss\/","title":{"rendered":"Om oss"},"content":{"rendered":"\r\n<div class=\"wp-block-columns\">\r\n<div class=\"wp-block-column\" style=\"flex-basis: 100%;\">\r\n<p><img loading=\"lazy\" class=\"wp-image-2970 alignleft\" src=\"http:\/\/www.maritimtkompani.no\/wordpress\/wp-content\/uploads\/2018\/01\/John-sander\u00f8d-Ullman-sails-Norge-900X499.jpg\" alt=\"\" width=\"572\" height=\"221\" srcset=\"http:\/\/www.maritimtkompani.no\/wordpress\/wp-content\/uploads\/2018\/01\/John-sander\u00f8d-Ullman-sails-Norge-900X499.jpg 897w, http:\/\/www.maritimtkompani.no\/wordpress\/wp-content\/uploads\/2018\/01\/John-sander\u00f8d-Ullman-sails-Norge-900X499-300x116.jpg 300w, http:\/\/www.maritimtkompani.no\/wordpress\/wp-content\/uploads\/2018\/01\/John-sander\u00f8d-Ullman-sails-Norge-900X499-768x297.jpg 768w\" sizes=\"(max-width: 572px) 100vw, 572px\" \/>Maritimt Kompani AS er Midt-Norges seilloft og riggverksted. Kompaniskapet ble siftet i 2009 med et m\u00e5l for \u00f8yet, \u00e5 v\u00e6re en totalleverand\u00f8r av service og utstyr til seilb\u00e5t. Vi i dag den st\u00f8rste leverand\u00f8ren av kompetanse og utstyr til tur-, entype-\u00a0 og\u00a0 regattab\u00e5ter i en voksende seilb\u00e5tfl\u00e5te her i regionen.<\/p>\r\n<p>Du finner oss n\u00e5 p\u00e5 Grilstad marina, her har vi seilloft, riggverksted og butikk med noe utsyr. Vi har ogs\u00e5 servicebil som jobber opp og ned kysten.<\/p>\r\n<p>De siste \u00e5rene har Maritimt Kompani AS bygget en unik kompetanse innen \u201dmaritim arkitektur\u201d. Dette kan v\u00e6re solseil i alle former og st\u00f8rrelser, eller wiresystemer til oppheng, sikring eller rekkverk. Markedet er bredt, med leveranser til hus, hytter eller n\u00e6ringsbygg. Vi jobber tett p\u00e5 arkitekter og ingeni\u00f8rer som hjelper oss \u00e5 gj\u00f8re det umulige mulig. V\u00e5r riggwire og seilduk har uten tvil \u00e5pnet et spennende konsept, som passer til mer enn bare seilb\u00e5t.<\/p>\r\n<p>Vi \u00f8nsker dere velkommen til en hyggelig prat om prosjekter fra vann til land.<\/p>\r\n<p>&nbsp;<\/p>\r\n<p><img loading=\"lazy\" class=\"size-medium wp-image-2997 alignleft\" src=\"http:\/\/www.maritimtkompani.no\/wordpress\/wp-content\/uploads\/2019\/06\/57126986_800708633625359_1327688014553415680_o-300x259.jpg\" alt=\"\" width=\"300\" height=\"259\" srcset=\"http:\/\/www.maritimtkompani.no\/wordpress\/wp-content\/uploads\/2019\/06\/57126986_800708633625359_1327688014553415680_o-300x259.jpg 300w, http:\/\/www.maritimtkompani.no\/wordpress\/wp-content\/uploads\/2019\/06\/57126986_800708633625359_1327688014553415680_o-768x663.jpg 768w, http:\/\/www.maritimtkompani.no\/wordpress\/wp-content\/uploads\/2019\/06\/57126986_800708633625359_1327688014553415680_o-1024x884.jpg 1024w, http:\/\/www.maritimtkompani.no\/wordpress\/wp-content\/uploads\/2019\/06\/57126986_800708633625359_1327688014553415680_o.jpg 1196w\" sizes=\"(max-width: 300px) 100vw, 300px\" \/><\/p>\r\n<p>&nbsp;<\/p>\r\n<p>&nbsp;<\/p>\r\n<p>&nbsp;<\/p>\r\n<p>&nbsp;<\/p>\r\n<p>&nbsp;<\/p>\r\n<p>&nbsp;<\/p>\r\n<p>&nbsp;<\/p>\r\n<p>\u00c5pningstider: Mandag til fredag 0800 til 1600<\/p>\r\n<\/div>\r\n<\/div>\r\n<p><img loading=\"lazy\" class=\"alignleft size-full wp-image-4226\" src=\"http:\/\/www.maritimtkompani.no\/wordpress\/wp-content\/uploads\/2020\/12\/Skjermbilde-kart-MK.jpg\" alt=\"\" width=\"738\" height=\"328\" srcset=\"http:\/\/www.maritimtkompani.no\/wordpress\/wp-content\/uploads\/2020\/12\/Skjermbilde-kart-MK.jpg 738w, http:\/\/www.maritimtkompani.no\/wordpress\/wp-content\/uploads\/2020\/12\/Skjermbilde-kart-MK-300x133.jpg 300w\" sizes=\"(max-width: 738px) 100vw, 738px\" \/><\/p>\r\n<p>&nbsp;<\/p>\r\n<p>&nbsp;<\/p>\r\n<div class=\"wp-block-columns\">\r\n<div class=\"wp-block-column\" style=\"flex-basis: 100%;\">\r\n<p>&nbsp;<\/p>\r\n<\/div>\r\n<\/div>\r\n","protected":false},"excerpt":{"rendered":"<p>Maritimt Kompani AS er Midt-Norges seilloft og riggverksted. Kompaniskapet ble siftet i 2009 med et m\u00e5l for \u00f8yet, \u00e5 v\u00e6re en totalleverand\u00f8r av service og utstyr til seilb\u00e5t. Vi i dag den st\u00f8rste leverand\u00f8ren av kompetanse og utstyr til tur-, entype-\u00a0 og\u00a0 regattab\u00e5ter i en voksende seilb\u00e5tfl\u00e5te her i regionen. Du finner oss n\u00e5 p\u00e5 Grilstad marina, her har vi seilloft, riggverksted og butikk med noe utsyr. Vi har ogs\u00e5 servicebil som jobber opp og ned kysten. De siste \u00e5rene har Maritimt Kompani AS bygget en unik kompetanse innen \u201dmaritim arkitektur\u201d. Dette kan v\u00e6re solseil i alle former og st\u00f8rrelser,&#8230; <\/p>\n","protected":false},"author":2,"featured_media":4202,"parent":0,"menu_order":0,"comment_status":"closed","ping_status":"closed","template":"","meta":{"_monsterinsights_skip_tracking":false,"_monsterinsights_sitenote_active":false,"_monsterinsights_sitenote_note":"","_monsterinsights_sitenote_category":0},"_links":{"self":[{"href":"http:\/\/www.maritimtkompani.no\/wordpress\/wp-json\/wp\/v2\/pages\/57"}],"collection":[{"href":"http:\/\/www.maritimtkompani.no\/wordpress\/wp-json\/wp\/v2\/pages"}],"about":[{"href":"http:\/\/www.maritimtkompani.no\/wordpress\/wp-json\/wp\/v2\/types\/page"}],"author":[{"embeddable":true,"href":"http:\/\/www.maritimtkompani.no\/wordpress\/wp-json\/wp\/v2\/users\/2"}],"replies":[{"embeddable":true,"href":"http:\/\/www.maritimtkompani.no\/wordpress\/wp-json\/wp\/v2\/comments?post=57"}],"version-history":[{"count":61,"href":"http:\/\/www.maritimtkompani.no\/wordpress\/wp-json\/wp\/v2\/pages\/57\/revisions"}],"predecessor-version":[{"id":4488,"href":"http:\/\/www.maritimtkompani.no\/wordpress\/wp-json\/wp\/v2\/pages\/57\/revisions\/4488"}],"wp:featuredmedia":[{"embeddable":true,"href":"http:\/\/www.maritimtkompani.no\/wordpress\/wp-json\/wp\/v2\/media\/4202"}],"wp:attachment":[{"href":"http:\/\/www.maritimtkompani.no\/wordpress\/wp-json\/wp\/v2\/media?parent=57"}],"curies":[{"name":"wp","href":"https:\/\/api.w.org\/{rel}","templated":true}]}}

<div class="wp-block-columns">
<div class="wp-block-column" style="flex-basis: 100%;">
<p><img loading="lazy" class="wp-image-2970 alignleft" src="http://www.maritimtkompani.no/wordpress/wp-content/uploads/2018/01/John-sanderød-Ullman-sails-Norge-900X499.jpg" alt="" width="572" height="221" srcset="http://www.maritimtkompani.no/wordpress/wp-content/uploads/2018/01/John-sanderød-Ullman-sails-Norge-900X499.jpg 897w, http://www.maritimtkompani.no/wordpress/wp-content/uploads/2018/01/John-sanderød-Ullman-sails-Norge-900X499-300x116.jpg 300w, http://www.maritimtkompani.no/wordpress/wp-content/uploads/2018/01/John-sanderød-Ullman-sails-Norge-900X499-768x297.jpg 768w" sizes="(max-width: 572px) 100vw, 572px" />Maritimt Kompani AS er Midt-Norges seilloft og riggverksted. Kompaniskapet ble siftet i 2009 med et mål for øyet, å være en totalleverandør av service og utstyr til seilbåt. Vi i dag den største leverandøren av kompetanse og utstyr til tur-, entype-  og  regattabåter i en voksende seilbåtflåte her i regionen.</p>
<p>Du finner oss nå på Grilstad marina, her har vi seilloft, riggverksted og butikk med noe utsyr. Vi har også servicebil som jobber opp og ned kysten.</p>
<p>De siste årene har Maritimt Kompani AS bygget en unik kompetanse innen ”maritim arkitektur”. Dette kan være solseil i alle former og størrelser, eller wiresystemer til oppheng, sikring eller rekkverk. Markedet er bredt, med leveranser til hus, hytter eller næringsbygg. Vi jobber tett på arkitekter og ingeniører som hjelper oss å gjøre det umulige mulig. Vår riggwire og seilduk har uten tvil åpnet et spennende konsept, som passer til mer enn bare seilbåt.</p>
<p>Vi ønsker dere velkommen til en hyggelig prat om prosjekter fra vann til land.</p>
<p>&nbsp;</p>
<p><img loading="lazy" class="size-medium wp-image-2997 alignleft" src="http://www.maritimtkompani.no/wordpress/wp-content/uploads/2019/06/57126986_800708633625359_1327688014553415680_o-300x259.jpg" alt="" width="300" height="259" srcset="http://www.maritimtkompani.no/wordpress/wp-content/uploads/2019/06/57126986_800708633625359_1327688014553415680_o-300x259.jpg 300w, http://www.maritimtkompani.no/wordpress/wp-content/uploads/2019/06/57126986_800708633625359_1327688014553415680_o-768x663.jpg 768w, http://www.maritimtkompani.no/wordpress/wp-content/uploads/2019/06/57126986_800708633625359_1327688014553415680_o-1024x884.jpg 1024w, http://www.maritimtkompani.no/wordpress/wp-content/uploads/2019/06/57126986_800708633625359_1327688014553415680_o.jpg 1196w" sizes="(max-width: 300px) 100vw, 300px" /></p>
<p>&nbsp;</p>
<p>&nbsp;</p>
<p>&nbsp;</p>
<p>&nbsp;</p>
<p>&nbsp;</p>
<p>&nbsp;</p>
<p>&nbsp;</p>
<p>Åpningstider: Mandag til fredag 0800 til 1600</p>
</div>
</div>
<p><img loading="lazy" class="alignleft size-full wp-image-4226" src="http://www.maritimtkompani.no/wordpress/wp-content/uploads/2020/12/Skjermbilde-kart-MK.jpg" alt="" width="738" height="328" srcset="http://www.maritimtkompani.no/wordpress/wp-content/uploads/2020/12/Skjermbilde-kart-MK.jpg 738w, http://www.maritimtkompani.no/wordpress/wp-content/uploads/2020/12/Skjermbilde-kart-MK-300x133.jpg 300w" sizes="(max-width: 738px) 100vw, 738px" /></p>
<p>&nbsp;</p>
<p>&nbsp;</p>
<div class="wp-block-columns">
<div class="wp-block-column" style="flex-basis: 100%;">
<p>&nbsp;</p>
</div>
</div>

<p>Maritimt Kompani AS er Midt-Norges seilloft og riggverksted. Kompaniskapet ble siftet i 2009 med et mål for øyet, å være en totalleverandør av service og utstyr til seilbåt. Vi i dag den største leverandøren av kompetanse og utstyr til tur-, entype-  og  regattabåter i en voksende seilbåtflåte her i regionen. Du finner oss nå på Grilstad marina, her har vi seilloft, riggverksted og butikk med noe utsyr. Vi har også servicebil som jobber opp og ned kysten. De siste årene har Maritimt Kompani AS bygget en unik kompetanse innen ”maritim arkitektur”. Dette kan være solseil i alle former og størrelser,&#8230; </p>
